10 = 24. Let a = l - 5. Suppose 0 = -t - a + 6, -2*n + 2*t = -64. Is 11 a factor of n?
False
Let v(u) = -u - 1. Let y be v(-4). Let x be -3*(-50)/y*1. Suppose -6*m + x = -m. Is m a multiple of 10?
True
Suppose -7*b + 285 = 89. Does 28 divide b?
True
Suppose -15 = -y - 2*u, 2*u = 3*y + y - 10. Suppose 7*g - 3*g + 3*r = -7, -5*r + 35 = -y*g. Does 7 divide 138/g*6/(-9)?
False
Suppose 3*f = 580 + 68. Does 27 divide f?
True
Let b(k) = k + 1. Let r(q) = q**3 - 10*q**2 + 9*q - 1. Let c be r(9). Let j be b(c). Suppose 2*v - 3*y - 27 = 0, j*y + 56 = 5*v + 4*y. Does 12 divide v?
True
Suppose 0 = 3*g - 3*i - 300, 0*g - 2*g + i = -197. Is 15 a factor of g?
False
Suppose 0 = 3*x - 3*t + 8*t - 1, 4*x - 3*t = -47. Let q(w) = w**3 + 9*w**2 + 5*w - 8. Let u be q(x). Does 15 divide 0 - (0 + 1 - u)?
True
Let x(v) = 5*v - 19. Does 11 divide x(6)?
True
Suppose 4*h = 3*d - 155, 4*d + 0*h + 3*h - 190 = 0. Suppose 10 = -3*l + d. Does 13 divide l?
True
Let w = -96 + 101. Does 5 divide w?
True
Is 5 a factor of 17*(-2 + (-6)/(-2))?
False
Let w = -64 + 91. Suppose 21 = 2*p - w. Is 8 a factor of p?
True
Does 4 divide (-282)/(-42) + 4/14?
False
Let x(t) = t**3 - 6*t**2 + 6*t. Is x(6) a multiple of 11?
False
Let q = 24 - 9. Suppose c + 3*b = -c - q, -2*c - b = 13. Is 4 a factor of -4 - c - (-4 - 1)?
False
Let h(y) = 16*y - 8. Does 14 divide h(4)?
True
Let u(y) = -5*y**3 + y**2 - 2. Is 6 a factor of u(-2)?
True
Let g be 8/(-36) + (-1248)/(-27). Suppose 4*q - g + 18 = 0. Does 7 divide q?
True
Let x = 23 - 15. Suppose h + 24 = 5*t, -t - t + 2*h + x = 0. Suppose -o + 5 = -t. Is 5 a factor of o?
True
Does 8 divide 4 + (8 - (5 + -1))?
True
Let q = 9 - 5. Suppose -q = -0*b - b. Is b a multiple of 4?
True
Suppose 5*y - 395 = 5*r, y = -0*r + 2*r + 74. Suppose -2*v - y = -6*v. Is 6 a factor of v?
False
Let r(a) = 6*a - 15. Does 5 divide r(5)?
True
Suppose -d + 6 = 3. Suppose -15 = -5*l + 5*m + 35, d*l = -m + 34. Does 7 divide l?
False
Let q be -3*(40/(-12) + 1). Let x = 12 - q. Does 3 divide x?
False
Suppose 2 = -2*f + 50. Does 12 divide f?
True
Suppose 0 = 3*k - 36 - 72. Let l = 58 - k. Does 22 divide l?
True
Let i(r) = 2*r**2 + 3 + 0*r**2 - 6. Does 12 divide i(-3)?
False
Suppose 0 = -0*b + 5*b - 25. Suppose -b*g + 0*g - 75 = 0. Let c = -7 - g. Is c a multiple of 8?
True
Suppose x - 3*x + 340 = 0. Suppose -u = 4*u + x. Let y = u - -57. Does 18 divide y?
False
Let v = 42 - 21. Suppose 5*f + 4*h + 11 = 29, -3*f + v = -h. Does 2 divide f?
True
Let z(s) = -s**3 - 7*s**2 - 4*s + 4. Let n(c) = -c**3 + 8*c**2 - 6. Let y be n(8). Let f be z(y). Does 20 divide 43 + (-4)/(f/(-6))?
True
Suppose -4*q - 2*b + 14 = 0, q + q - 3*b = -5. Is 2 a factor of (q - (2 - -1))*-4?
True
Let f = -90 + 145. Does 13 divide f?
False
Let y = -9 + 27. Is y a multiple of 9?
True
Is 17 a factor of ((-90)/24)/(9/(-48))?
False
Suppose -3*o + 40 = -5*f, 8 = -0*f - f + 4*o. Let c = f - -10. Suppose -c*d = -d - 25. Does 25 divide d?
True
Let r be 3/((-18)/(-214))*3. Suppose -c - 3*y = -2*c + 13, r = 5*c - y. Is 11 a factor of c?
True
Suppose -2*c + 32 = -0*c. Suppose 2*u + 3*u - 4*y - 86 = 0, 2*y = u - c. Is u a multiple of 6?
True
Let k = -26 - -49. Let z = -16 + k. Is 2 a factor of z?
False
Suppose 0*f + 15 = 5*f + 3*p, 3*p + 15 = 5*f. Let m = 13 - f. Is m a multiple of 5?
True
Let l = 16 + 39. Is 21 a factor of l?
False
Let w be (0 - -1 - 4)/(-1). Suppose 0 = 3*j + 6, 4*j = -w*n + j + 57. Let m = -7 + n. Does 14 divide m?
True
Let a = 7 - 4. Suppose h = k - a*k + 15, 0 = 2*h - 3*k + 5. Is h a multiple of 3?
False
Let x = -86 + 126. Does 10 divide x?
True
Let q = 17 + -14. Suppose 2*o + o - 2*v - 237 = 0, q*o - 4*v - 231 = 0. Is o a multiple of 17?
False
Suppose 14 = 3*u - 2*y, -40 + 14 = -5*u + 4*y. Let h(n) = 3*n**3 - n**2 - 3*n + 1. Does 5 divide h(u)?
True
Suppose -8*y + 85 = -3*y. Does 17 divide y?
True
Suppose 4*n - 3*n = 3. Suppose 0 = -n*j + 19 + 41. Is j a multiple of 9?
False
Suppose 8 + 8 = 4*w. Suppose 55 = w*k - 5*z, -4*k = 5*z - 3*z - 34. Is 5 a factor of k?
True
Suppose -4*g = -4*q + 52, 24 = 2*q - 3*g - 6. Is 2 a factor of q?
False
Let h = 410 - 286. Does 37 divide h?
False
Let w(r) = -3*r - 2 - 4*r - 12*r. Let s be w(4). Let z = -51 - s. Is z a multiple of 13?
False
Let i = 178 - 116. Is 7 a factor of i?
False
Let l = -179 - -263. Is l a multiple of 28?
True
Let c(o) = o - 3. Let u be c(6). Let v(b) = b**3 + b + 14. Let r be v(0). Suppose i - r = -u. Is i a multiple of 5?
False
Suppose h - 4*h + 3*s - 15 = 0, -3*s = 3. Does 22 divide 13/39 - 442/h?
False
Let z(r) = 25*r**2 + r - 1. Let o be z(1). Suppose l + 0*l = o. Is 5 a factor of l?
True
Suppose 0 = 6*s + 77 - 407. Is s a multiple of 11?
True
Let q = 42 - -15. Is 32 a factor of q?
False
Suppose 278 = 2*r - 2*z, -r - 5*z = 3*r - 529. Does 34 divide r?
True
Let g = -27 + 18. Does 16 divide -50*(g/(-6) + -2)?
False
Let d = 194 - 69. Is 25 a factor of d?
True
Suppose 5*y - y = 0. Is 2 a factor of (2 + 0 + y)/1?
True
Let g(m) be the first derivative of m**2 + 2*m + 1. Let z be 7/28 - (-46)/8. Does 6 divide g(z)?
False
Let v(s) be the third derivative of s**5/60 + 7*s**4/24 - 11*s**3/6 - s**2. Is v(-10) a multiple of 14?
False
Let i(b) = -2*b**3 + 4*b**2 - 2*b + 6. Let k be i(4). Let g = -33 - k. Is 14 a factor of g?
False
Let g be (-6)/(-2) - 1 - 3. Let a = 2 - g. Is a a multiple of 2?
False
Let s(h) = -h**3 - 1. Let x(u) = 6*u**3 + u**2 + 2*u - 5. Let n(m) = 6*s(m) - x(m). Is n(-1) a multiple of 6?
True
Let y(r) = r**3 + 7*r**2 + 4*r + 6. Let d be y(-7). Let j = d - -40. Is j a multiple of 5?
False
Let g(k) = k**2 + 2*k - 4. Suppose 3*l - 31 = 5*r, -4*l - 3*r = -9*l + 25. Suppose d - 12 = -l*d. Does 11 divide g(d)?
False
Let g be 2/5 + (-22)/5. Let t(p) = 10*p**2 + 2*p + 3. Let m be t(g). Suppose -m + 47 = -4*v. Is v a multiple of 17?
False
Let j(o) = 54*o**2 - o - 3. Is j(-2) a multiple of 46?
False
Let t = -70 - -162. Is 28 a factor of t?
False
Let w(r) = -10 - r - 2*r + r. Suppose 0 = 12*o - 13*o - 10. Does 7 divide w(o)?
False
Suppose 1 = -f + 2. Let r(k) = k + f + 3*k - 2 + 5*k. Does 4 divide r(1)?
True
Does 20 divide (-1 + -1 + 3)*52?
False
Let n = -9 - -14. Suppose 5*c = -2*t - 9, 5*c + t + n = -2. Is c/(0 - (-2)/(-16)) a multiple of 5?
False
Suppose -14*w = 3431 - 9591. Is w a multiple of 32?
False
Suppose 0 = 2*h - 8, 3*h - 22 = 4*a - 130. Let u = 2 + a. Does 15 divide u?
False
Is 14 a factor of 422/10 - 6/30?
True
Suppose -4*t - 8 = 24. Is 14 a factor of (-4)/(t/6) + 78?
False
Suppose h + 168 = 5*h. Suppose h = 4*p - 46. Let f = -15 + p. Is 7 a factor of f?
True
Let a(b) = b**3 - 6*b**2 + 13. Is a(7) a multiple of 31?
True
Suppose -16 = 5*o - 13*o. Is o even?
True
Let x(r) = r**2 - 3*r - 4. Let j be x(6). Let k = 28 - j. Is 12 a factor of 340/k + 2/(-7)?
True
Suppose -3*s = -2*y + 60, 4*s + 79 = 3*y + 5*s. Is y a multiple of 10?
False
Suppose 3*v = 83 - 8. Does 7 divide v?
False
Suppose 3 = -3*f, 5 = z - 2*f + f. Suppose -p - z*b + 68 = -0*p, 0 = 5*b - 10. Is p a multiple of 30?
True
Suppose 0*z - 3*v = -2*z + 3, 0 = -3*z + 5*v + 5. Suppose z = -3*d, d + 44 = -5*n + 159. Is 10 a factor of n?
False
Suppose 4 = -4*o + 12. Suppose -o*y + 60 = 2*y. Is y a multiple of 5?
True
Suppose -160 = -t - 4*t. Let y = t - 12. Does 10 divide y?
True
Suppose -5*r - 1 = 2*y, r = 2*y - 10 - 7. Is 17 a factor of (-2)/y + (-762)/(-21)?
False
Suppose 40 = g - s, -2*g - 3*s + 46 = -54. Suppose -2*k + k + g = 0. Suppose -5*x = -0*u - u + 11, -4*u + k = -3*x. Does 3 divide u?
False
Let w(z) = z + 2. Let s = 0 - 0. Let f be w(s). Suppose -1 = -k + f. Is 3 a factor of k?
True
Does 8 divide 12 - (-4 - -1 - -6)?
False
Let z(x) = -x**3 + 11*x**2 - 18*x + 17. Is 2 a factor of z(9)?
False
Let t = 36 - -54. Is 6 a factor of t?
True
Suppose 0 = 4*q - 39 - 5. Is q a multiple of 2?
False
Suppose -4*m - 67 = -275. Is 26 a factor of m?
True
Let u(n) = -7*n**3 + 3*n + 1. Let p(a) = 15*a**3 + a**2 - 7*a - 1. Let t(q) = 6*p(q) + 13*u(q). Let w = -42 - -47. Does 8 divide t(w)?
False
Let h be (1 - -1)*(-4)/(-8). Is 2 + -12*(h - 2) a multiple of 7?
True
Let y(k) = 9*k - 4. Is y(3) a multiple of 9?
False
Let q = 6 - 2. Suppose q*x = x - 72. Let w = 57 + x. Is 22 a factor of w?
False
Suppose v + 2 = 6, 0 = -3*w - 3*v + 24. Is w*(-1)/2*-10 a multiple of 13?
False
Suppose k + 121 = -